{"id":306,"date":"2016-05-20T15:00:16","date_gmt":"2016-05-20T15:00:16","guid":{"rendered":"http:\/\/safconstruct.ro\/?page_id=306"},"modified":"2016-05-20T23:04:43","modified_gmt":"2016-05-20T23:04:43","slug":"produse-dakea-ferestre-mansarda-pitesti","status":"publish","type":"page","link":"http:\/\/safconstruct.ro\/index.php\/produse-dakea-ferestre-mansarda-pitesti\/","title":{"rendered":"Produse Dakea"},"content":{"rendered":"<p>In domeniul ferestrelor de mansard\u0103 \u015fi accesoriilor asociate suntem colaboratori din <strong>Pitesti<\/strong> ai firmei consacrate in domeniul geamurilor de baie, bucatarie si acoperis <a href=\"http:\/\/www.dakea.ro\" target=\"_blank\">Dakea<\/a>.<\/p>\n<p>Mai jos gasiti gama de produse\u00a0pe care le comercializam si montam:<\/p>\n<p style=\"text-align: center;\"><strong>Ferestre acoperisuri \u015fi luminatoare marca Dakea<\/strong><\/p>\n<p style=\"text-align: center;\"><em>Modele disponibile<\/em>: Flex |\u00a0Control |\u00a0Good |\u00a0Better |\u00a0Better PVC |\u00a0Best |\u00a0Best PVC<\/p>\n<p>&nbsp;<\/p>\n<div id=\"attachment_419\" style=\"width: 339px\" class=\"wp-caption aligncenter\"><img loading=\"lazy\" decoding=\"async\" aria-describedby=\"caption-attachment-419\" class=\" wp-image-419\" src=\"http:\/\/safconstruct.ro\/wp-content\/uploads\/2016\/05\/BEST-4.jpg\" alt=\"Fereastra mansarda Best Dakea\" width=\"329\" height=\"342\" \/><p id=\"caption-attachment-419\" class=\"wp-caption-text\">Fereastra mansarda Best Dakea<\/p><\/div>\n<p>&nbsp;<\/p>\n<div id=\"attachment_435\" style=\"width: 341px\" class=\"wp-caption alignright\"><img loading=\"lazy\" decoding=\"async\" aria-describedby=\"caption-attachment-435\" class=\"wp-image-435\" src=\"http:\/\/safconstruct.ro\/wp-content\/uploads\/2016\/05\/GOOD-1.jpg\" alt=\"Fereastra mansarda GOOD\" width=\"331\" height=\"339\" \/><p id=\"caption-attachment-435\" class=\"wp-caption-text\">Fereastra mansarda GOOD de la Dakea<\/p><\/div>\n<div id=\"attachment_434\" style=\"width: 341px\" class=\"wp-caption alignleft\"><img loading=\"lazy\" decoding=\"async\" aria-describedby=\"caption-attachment-434\" class=\" wp-image-434\" src=\"http:\/\/safconstruct.ro\/wp-content\/uploads\/2016\/05\/BETTER1.jpg\" alt=\"Fereastra mansarda Better Dakea\" width=\"331\" height=\"355\" \/><p id=\"caption-attachment-434\" class=\"wp-caption-text\">Fereastra mansarda Better Dakea<\/p><\/div>\n<p>&nbsp;<\/p>\n<p>&nbsp;<\/p>\n<p>&nbsp;<\/p>\n<p>&nbsp;<\/p>\n<p>&nbsp;<\/p>\n<p>&nbsp;<\/p>\n<p>&nbsp;<\/p>\n<p>&nbsp;<\/p>\n<p>&nbsp;<\/p>\n<p>&nbsp;<\/p>\n<p>&nbsp;<\/p>\n<ul>\n<li>Fereastra<strong>\u00a0Dakea Good<\/strong>.\u00a0<span class=\"products-list__price\"><span class=\"products-list__price__label\"><em>Cel mai bun pret pentru ferestrele mediene.<\/em><\/span><\/span><\/li>\n<\/ul>\n<p><span class=\"products-list__price\"><span class=\"products-list__price__label\">Este\u00a0<\/span><\/span><span class=\"products-list__copy\">o fereastr\u0103 de mansard\u0103 convenabil\u0103 ca pre\u0163, dar de foarte bun\u0103 calitate, corespunz\u0103toare pentru proiecte cu buget limitat.<\/span><\/p>\n<ul>\n<li>Fereastra de mansarda sau baie <strong>Dakea<\/strong>\u00a0<strong>\u00a0Better<\/strong>\u00a0este prev\u0103zut\u0103 cu un strat protector suplimentar de lac \u015fi cu geam exterior tratat pentru durabilitate sporit\u0103 \u015fi performan\u0163\u0103 f\u0103r\u0103 griji.<\/li>\n<\/ul>\n<p>Fereastra este prev\u0103zut\u0103 cu o supap\u0103 de aerisire (pentru aerisire pasiv\u0103) \u015fi un m\u00e2ner cu dou\u0103 pozi\u0163ii de blocare suplimentare pentru Controlul flexibil \u015fi comod al aerisirii<\/p>\n<ul>\n<li>Fereastra de mansarda sau de baie<strong>\u00a0<strong>Dakea\u00a0<\/strong>Best<\/strong> este prev\u0103zut\u0103 cu un strat protector suplimentar de lac, cu geam exterior tratat \u015fi grosime sporit\u0103 a cadrului, pentru durabilitate sporit\u0103.<\/li>\n<\/ul>\n<p>Fereastra este prev\u0103zut\u0103 cu o supap\u0103 de aerisire (pentru aerisire pasiv\u0103) \u015fi un m\u00e2ner cu dou\u0103 pozi\u0163ii de blocare suplimentare pentru Controlul flexibil \u015fi comod al aerisirii.<\/p>\n<ul>\n<li>Fereastra de magazie sau garaj <strong>Dakea Flex<\/strong> \u00eenseamn\u0103 instalare \u015fi utilizare simpl\u0103. Este o solu\u0163ie convenabil\u0103 ca pre\u0163 ce a fost proiectat\u0103 pentru a asigura aerisirea \u015fi iluminarea spa\u0163iilor ne\u00eenc\u0103lzite<\/li>\n<li>Fereastra de magazie sau garaj <strong>Dakea Control\u00a0<\/strong>este un\u00a0luminator de tip solu\u0163ie complet\u0103 (rama de etan\u015fare este inclus\u0103 \u00een pachet) \u015fi poate fi deschis \u00een orice pozi\u0163ie gra\u0163ie noii balamale cu fric\u0163iune..<\/li>\n<\/ul>\n<p>&nbsp;<\/p>\n<p>&nbsp;<\/p>\n<p style=\"text-align: center;\"><strong>Accesorii pentru instalarea simpl\u0103<\/strong><\/p>\n<p style=\"text-align: center;\"><em>Produse disponibile:<\/em> Ram\u0103 de etan\u015fare\u00a0(KSF,\u00a0KTF,\u00a0KUF, combi) |\u00a0Kit de izolare termic\u0103 |\u00a0Cadru din folie de protec\u0163ie<\/p>\n<div id=\"attachment_444\" style=\"width: 341px\" class=\"wp-caption aligncenter\"><img loading=\"lazy\" decoding=\"async\" aria-describedby=\"caption-attachment-444\" class=\"wp-image-444\" src=\"http:\/\/safconstruct.ro\/wp-content\/uploads\/2016\/05\/KPA_TFX_MG_3249.jpg\" alt=\"Rama de etansare si ferestre mansarda Dakea\" width=\"331\" height=\"223\" \/><p id=\"caption-attachment-444\" class=\"wp-caption-text\">Rama de etansare si ferestre mansarda Dakea<\/p><\/div>\n<p>&nbsp;<\/p>\n<p>&nbsp;<\/p>\n<p>&nbsp;<\/p>\n<p style=\"text-align: center;\"><strong>Accesorii pentru confort<\/strong><br \/>\nRulouri opace |\u00a0Rulouri perdea |\u00a0Jaluzele |\u00a0Rulouri \u00eempotriva c\u0103ldurii |\u00a0Rulouri exterioare |\u00a0Acces u\u015for<\/p>\n<div id=\"attachment_469\" style=\"width: 340px\" class=\"wp-caption aligncenter\"><img loading=\"lazy\" decoding=\"async\" aria-describedby=\"caption-attachment-469\" class=\" wp-image-469\" src=\"http:\/\/safconstruct.ro\/wp-content\/uploads\/2016\/05\/Rulou-RHR-1.jpg\" alt=\"Rulou fereastra acoperis\" width=\"330\" height=\"440\" \/><p id=\"caption-attachment-469\" class=\"wp-caption-text\">Rulou fereastra acoperis<\/p><\/div>\n<p>&nbsp;<\/p>\n<p>&nbsp;<\/p>\n<p>&nbsp;<\/p>\n<p>&nbsp;<\/p>\n<p>&nbsp;<\/p>\n<p style=\"text-align: center;\"><strong>Mai jos puteti viziona produse ale producatorului Dakea.<\/strong><\/p>\n<p style=\"text-align: center;\">Produsele pot fi achizitionate si montate in Pitesti<\/p>\n<div class=\"su-custom-gallery su-custom-gallery-align-left su-custom-gallery-title-always\"><div class=\"su-custom-gallery-slide\" style=\"width:330px;height:330px\"><a><img loading=\"lazy\" decoding=\"async\" src=\"http:\/\/safconstruct.ro\/wp-content\/uploads\/2016\/05\/UFX_MG_3062-330x330.jpg\" alt=\"UFX_MG_3062\" width=\"330\" height=\"330\" \/><span class=\"su-custom-gallery-title\">UFX_MG_3062<\/span><\/a><\/div><div class=\"su-custom-gallery-slide\" style=\"width:330px;height:330px\"><a><img loading=\"lazy\" decoding=\"async\" src=\"http:\/\/safconstruct.ro\/wp-content\/uploads\/2016\/05\/Tije-de-operare-manuala-330x330.jpg\" alt=\"Tije de operare manuala\" width=\"330\" height=\"330\" \/><span class=\"su-custom-gallery-title\">Tije de operare manuala<\/span><\/a><\/div><div class=\"su-custom-gallery-slide\" style=\"width:330px;height:330px\"><a><img loading=\"lazy\" decoding=\"async\" src=\"http:\/\/safconstruct.ro\/wp-content\/uploads\/2016\/05\/TFX_MG_3058-330x330.jpg\" alt=\"TFX_MG_3058\" width=\"330\" height=\"330\" \/><span class=\"su-custom-gallery-title\">TFX_MG_3058<\/span><\/a><\/div><div class=\"su-custom-gallery-slide\" style=\"width:330px;height:330px\"><a><img loading=\"lazy\" decoding=\"async\" src=\"http:\/\/safconstruct.ro\/wp-content\/uploads\/2016\/05\/SHR_MG_3080-330x330.jpg\" alt=\"SHR_MG_3080\" width=\"330\" height=\"330\" \/><span class=\"su-custom-gallery-title\">SHR_MG_3080<\/span><\/a><\/div><div class=\"su-custom-gallery-slide\" style=\"width:330px;height:330px\"><a><img loading=\"lazy\" decoding=\"async\" src=\"http:\/\/safconstruct.ro\/wp-content\/uploads\/2016\/05\/SFX_MG_3082-330x330.jpg\" alt=\"SFX_MG_3082\" width=\"330\" height=\"330\" \/><span class=\"su-custom-gallery-title\">SFX_MG_3082<\/span><\/a><\/div><div class=\"su-custom-gallery-slide\" style=\"width:330px;height:330px\"><a><img loading=\"lazy\" decoding=\"async\" src=\"http:\/\/safconstruct.ro\/wp-content\/uploads\/2016\/05\/Rulou-RHR-330x330.jpg\" alt=\"Rulou RHR\" width=\"330\" height=\"330\" \/><span class=\"su-custom-gallery-title\">Rulou RHR<\/span><\/a><\/div><div class=\"su-custom-gallery-slide\" style=\"width:330px;height:330px\"><a><img loading=\"lazy\" decoding=\"async\" src=\"http:\/\/safconstruct.ro\/wp-content\/uploads\/2016\/05\/Rulou-RHR-3-330x330.jpg\" alt=\"Rulou RHR 3\" width=\"330\" height=\"330\" \/><span class=\"su-custom-gallery-title\">Rulou RHR 3<\/span><\/a><\/div><div class=\"su-custom-gallery-slide\" style=\"width:330px;height:330px\"><a><img loading=\"lazy\" decoding=\"async\" src=\"http:\/\/safconstruct.ro\/wp-content\/uploads\/2016\/05\/Rulou-RHR-2-330x330.jpg\" alt=\"Rulou RHR 2\" width=\"330\" height=\"330\" \/><span class=\"su-custom-gallery-title\">Rulou RHR 2<\/span><\/a><\/div><div class=\"su-custom-gallery-slide\" style=\"width:330px;height:330px\"><a><img loading=\"lazy\" decoding=\"async\" src=\"http:\/\/safconstruct.ro\/wp-content\/uploads\/2016\/05\/Rulou-RHR-1-330x330.jpg\" alt=\"Rulou fereastra acoperis\" width=\"330\" height=\"330\" \/><span class=\"su-custom-gallery-title\">Rulou fereastra acoperis<\/span><\/a><\/div><div class=\"su-custom-gallery-slide\" style=\"width:330px;height:330px\"><a><img loading=\"lazy\" decoding=\"async\" src=\"http:\/\/safconstruct.ro\/wp-content\/uploads\/2016\/05\/Rulou-PAR-330x330.jpg\" alt=\"Rulou PAR\" width=\"330\" height=\"330\" \/><span class=\"su-custom-gallery-title\">Rulou PAR<\/span><\/a><\/div><div class=\"su-custom-gallery-slide\" style=\"width:330px;height:330px\"><a><img loading=\"lazy\" decoding=\"async\" src=\"http:\/\/safconstruct.ro\/wp-content\/uploads\/2016\/05\/Rulou-PAR-1-330x330.jpg\" alt=\"Rulou PAR 1\" width=\"330\" height=\"330\" \/><span class=\"su-custom-gallery-title\">Rulou PAR 1<\/span><\/a><\/div><div class=\"su-custom-gallery-slide\" style=\"width:330px;height:330px\"><a><img loading=\"lazy\" decoding=\"async\" src=\"http:\/\/safconstruct.ro\/wp-content\/uploads\/2016\/05\/Rulou-MIR-330x330.jpg\" alt=\"Rulou MIR\" width=\"330\" height=\"330\" \/><span class=\"su-custom-gallery-title\">Rulou MIR<\/span><\/a><\/div><div class=\"su-custom-gallery-slide\" style=\"width:330px;height:330px\"><a><img loading=\"lazy\" decoding=\"async\" src=\"http:\/\/safconstruct.ro\/wp-content\/uploads\/2016\/05\/Rulou-MIR-3-330x330.jpg\" alt=\"Rulou MIR 3\" width=\"330\" height=\"330\" \/><span class=\"su-custom-gallery-title\">Rulou MIR 3<\/span><\/a><\/div><div class=\"su-custom-gallery-slide\" style=\"width:330px;height:330px\"><a><img loading=\"lazy\" decoding=\"async\" src=\"http:\/\/safconstruct.ro\/wp-content\/uploads\/2016\/05\/Rulou-MIR-1-330x330.jpg\" alt=\"Rulou MIR 1\" width=\"330\" height=\"330\" \/><span class=\"su-custom-gallery-title\">Rulou MIR 1<\/span><\/a><\/div><div class=\"su-custom-gallery-slide\" style=\"width:330px;height:330px\"><a><img loading=\"lazy\" decoding=\"async\" src=\"http:\/\/safconstruct.ro\/wp-content\/uploads\/2016\/05\/Rulou-DUR-330x330.jpg\" alt=\"Rulou DUR\" width=\"330\" height=\"330\" \/><span class=\"su-custom-gallery-title\">Rulou DUR<\/span><\/a><\/div><div class=\"su-custom-gallery-slide\" style=\"width:330px;height:330px\"><a><img loading=\"lazy\" decoding=\"async\" src=\"http:\/\/safconstruct.ro\/wp-content\/uploads\/2016\/05\/Rulou-DUR-5-330x330.jpg\" alt=\"Rulou DUR 5\" width=\"330\" height=\"330\" \/><span class=\"su-custom-gallery-title\">Rulou DUR 5<\/span><\/a><\/div><div class=\"su-custom-gallery-slide\" style=\"width:330px;height:330px\"><a><img loading=\"lazy\" decoding=\"async\" src=\"http:\/\/safconstruct.ro\/wp-content\/uploads\/2016\/05\/Rulou-DUR-4-330x330.jpg\" alt=\"Rulou DUR 4\" width=\"330\" height=\"330\" \/><span class=\"su-custom-gallery-title\">Rulou DUR 4<\/span><\/a><\/div><div class=\"su-custom-gallery-slide\" style=\"width:330px;height:330px\"><a><img loading=\"lazy\" decoding=\"async\" src=\"http:\/\/safconstruct.ro\/wp-content\/uploads\/2016\/05\/Rulou-DUR-3-330x330.jpg\" alt=\"Rulou DUR 3\" width=\"330\" height=\"330\" \/><span class=\"su-custom-gallery-title\">Rulou DUR 3<\/span><\/a><\/div><div class=\"su-custom-gallery-slide\" style=\"width:330px;height:330px\"><a><img loading=\"lazy\" decoding=\"async\" src=\"http:\/\/safconstruct.ro\/wp-content\/uploads\/2016\/05\/Rulou-DUR-2-330x330.jpg\" alt=\"Rulou DUR 2\" width=\"330\" height=\"330\" \/><span class=\"su-custom-gallery-title\">Rulou DUR 2<\/span><\/a><\/div><div class=\"su-custom-gallery-slide\" style=\"width:330px;height:330px\"><a><img loading=\"lazy\" decoding=\"async\" src=\"http:\/\/safconstruct.ro\/wp-content\/uploads\/2016\/05\/Rulou-Dur-1-330x330.jpg\" alt=\"Rulou Dur 1\" width=\"330\" height=\"330\" \/><span class=\"su-custom-gallery-title\">Rulou Dur 1<\/span><\/a><\/div><div class=\"su-clear\"><\/div><\/div>\n<p>&nbsp;<\/p>\n<p>&nbsp;<\/p>\n<p>&nbsp;<\/p>\n<p>&nbsp;<\/p>\n<p>&nbsp;<\/p>\n<p>&nbsp;<\/p>\n<p>&nbsp;<\/p>\n<hr \/>\n<p>&nbsp;<\/p>\n<p style=\"text-align: center;\"><span style=\"color: #ff0000;\"><em>Oferim montaj si intretinere in Pitesti si in locatatile de judetul Teleorman.<\/em><\/span><\/p>\n<hr \/>\n<p>&nbsp;<\/p>\n<p style=\"text-align: center;\"><strong>Mai jos gasiti imagini cu produsele pentru constructia de acoperisuri<\/strong><\/p>\n<p style=\"text-align: center;\"><div class=\"su-custom-gallery su-custom-gallery-align-left su-custom-gallery-title-always su-lightbox-gallery\"><div class=\"su-custom-gallery-slide\" style=\"width:350px;height:300px\"><a href=\"http:\/\/safconstruct.ro\/wp-content\/uploads\/2016\/02\/suruburi-de-20-si-35.jpg\" title=\"Suruburi dimensiunea 4,8 x 20 4,8 x 35\"><img loading=\"lazy\" decoding=\"async\" src=\"http:\/\/safconstruct.ro\/wp-content\/uploads\/2016\/02\/suruburi-de-20-si-35-350x300.jpg\" alt=\"Suruburi dimensiunea 4,8 x 20 4,8 x 35\" width=\"350\" height=\"300\" \/><span class=\"su-custom-gallery-title\">Suruburi dimensiunea 4,8 x 20 4,8 x 35<\/span><\/a><\/div><div class=\"su-custom-gallery-slide\" style=\"width:350px;height:300px\"><a href=\"http:\/\/safconstruct.ro\/wp-content\/uploads\/2016\/02\/suruburi-de-20-1.jpg\" title=\"Suruburi 4,8 x 20\"><img loading=\"lazy\" decoding=\"async\" src=\"http:\/\/safconstruct.ro\/wp-content\/uploads\/2016\/02\/suruburi-de-20-1-350x300.jpg\" alt=\"Suruburi 4,8 x 20\" width=\"350\" height=\"300\" \/><span class=\"su-custom-gallery-title\">Suruburi 4,8 x 20<\/span><\/a><\/div><div class=\"su-custom-gallery-slide\" style=\"width:350px;height:300px\"><a href=\"http:\/\/safconstruct.ro\/wp-content\/uploads\/2016\/02\/soudaband-1.jpg\" title=\"Soudaband\"><img loading=\"lazy\" decoding=\"async\" src=\"http:\/\/safconstruct.ro\/wp-content\/uploads\/2016\/02\/soudaband-1-350x300.jpg\" alt=\"Soudaband\" width=\"350\" height=\"300\" \/><span class=\"su-custom-gallery-title\">Soudaband<\/span><\/a><\/div><div class=\"su-custom-gallery-slide\" style=\"width:350px;height:300px\"><a href=\"http:\/\/safconstruct.ro\/wp-content\/uploads\/2016\/02\/Sort-streasina.jpg\" title=\"Sort streasina\"><img loading=\"lazy\" decoding=\"async\" src=\"http:\/\/safconstruct.ro\/wp-content\/uploads\/2016\/02\/Sort-streasina-350x300.jpg\" alt=\"Sort streasina\" width=\"350\" height=\"300\" \/><span class=\"su-custom-gallery-title\">Sort streasina<\/span><\/a><\/div><div class=\"su-custom-gallery-slide\" style=\"width:350px;height:300px\"><a href=\"http:\/\/safconstruct.ro\/wp-content\/uploads\/2016\/02\/Sort-streasina-PLUS.jpg\" title=\"Sort streasina PLUS\"><img loading=\"lazy\" decoding=\"async\" src=\"http:\/\/safconstruct.ro\/wp-content\/uploads\/2016\/02\/Sort-streasina-PLUS-350x300.jpg\" alt=\"Sort streasina PLUS\" width=\"350\" height=\"300\" \/><span class=\"su-custom-gallery-title\">Sort streasina PLUS<\/span><\/a><\/div><div class=\"su-custom-gallery-slide\" style=\"width:350px;height:300px\"><a href=\"http:\/\/safconstruct.ro\/wp-content\/uploads\/2016\/02\/Sort-rupere-panta-exterior.jpg\" title=\"Sort rupere panta exterior\"><img loading=\"lazy\" decoding=\"async\" src=\"http:\/\/safconstruct.ro\/wp-content\/uploads\/2016\/02\/Sort-rupere-panta-exterior-350x300.jpg\" alt=\"Sort rupere panta exterior\" width=\"350\" height=\"300\" \/><span class=\"su-custom-gallery-title\">Sort rupere panta exterior<\/span><\/a><\/div><div class=\"su-custom-gallery-slide\" style=\"width:350px;height:300px\"><a href=\"http:\/\/safconstruct.ro\/wp-content\/uploads\/2016\/02\/Sort-rupere-interior.jpg\" title=\"Sort rupere interior\"><img loading=\"lazy\" decoding=\"async\" src=\"http:\/\/safconstruct.ro\/wp-content\/uploads\/2016\/02\/Sort-rupere-interior-350x300.jpg\" alt=\"Sort rupere interior\" width=\"350\" height=\"300\" \/><span class=\"su-custom-gallery-title\">Sort rupere interior<\/span><\/a><\/div><div class=\"su-custom-gallery-slide\" style=\"width:350px;height:300px\"><a href=\"http:\/\/safconstruct.ro\/wp-content\/uploads\/2016\/02\/ramificatie-1.jpg\" title=\"Ramificatie pentru burlan\"><img loading=\"lazy\" decoding=\"async\" src=\"http:\/\/safconstruct.ro\/wp-content\/uploads\/2016\/02\/ramificatie-1-350x300.jpg\" alt=\"Ramificatie pentru burlan\" width=\"350\" height=\"300\" \/><span class=\"su-custom-gallery-title\">Ramificatie pentru burlan<\/span><\/a><\/div><div class=\"su-custom-gallery-slide\" style=\"width:350px;height:300px\"><a href=\"http:\/\/safconstruct.ro\/wp-content\/uploads\/2016\/02\/racord-jgheab-burlan-3.jpg\" title=\"Racord  burlan la jgheab\"><img loading=\"lazy\" decoding=\"async\" src=\"http:\/\/safconstruct.ro\/wp-content\/uploads\/2016\/02\/racord-jgheab-burlan-3-350x300.jpg\" alt=\"Racord  burlan la jgheab\" width=\"350\" height=\"300\" \/><span class=\"su-custom-gallery-title\">Racord  burlan la jgheab<\/span><\/a><\/div><div class=\"su-custom-gallery-slide\" style=\"width:350px;height:300px\"><a href=\"http:\/\/safconstruct.ro\/wp-content\/uploads\/2016\/02\/prelungire-burlan-2.jpg\" title=\"Prelungire burlan drenaj acoperis\"><img loading=\"lazy\" decoding=\"async\" src=\"http:\/\/safconstruct.ro\/wp-content\/uploads\/2016\/02\/prelungire-burlan-2-350x300.jpg\" alt=\"Prelungire burlan drenaj acoperis\" width=\"350\" height=\"300\" \/><span class=\"su-custom-gallery-title\">Prelungire burlan drenaj acoperis<\/span><\/a><\/div><div class=\"su-custom-gallery-slide\" style=\"width:350px;height:300px\"><a href=\"http:\/\/safconstruct.ro\/wp-content\/uploads\/2016\/02\/pieptane.jpg\" title=\"Pieptane pentru jgheab &#8211; drenaj acoperis\"><img loading=\"lazy\" decoding=\"async\" src=\"http:\/\/safconstruct.ro\/wp-content\/uploads\/2016\/02\/pieptane-350x300.jpg\" alt=\"Pieptane pentru jgheab &#8211; drenaj acoperis\" width=\"350\" height=\"300\" \/><span class=\"su-custom-gallery-title\">Pieptane pentru jgheab &#8211; drenaj acoperis<\/span><\/a><\/div><div class=\"su-custom-gallery-slide\" style=\"width:350px;height:300px\"><a href=\"http:\/\/safconstruct.ro\/wp-content\/uploads\/2016\/02\/Pazie-tip-1.jpg\" title=\"Pazie tip 1\"><img loading=\"lazy\" decoding=\"async\" src=\"http:\/\/safconstruct.ro\/wp-content\/uploads\/2016\/02\/Pazie-tip-1-350x300.jpg\" alt=\"Pazie tip 1\" width=\"350\" height=\"300\" \/><span class=\"su-custom-gallery-title\">Pazie tip 1<\/span><\/a><\/div><div class=\"su-custom-gallery-slide\" style=\"width:350px;height:300px\"><a href=\"http:\/\/safconstruct.ro\/wp-content\/uploads\/2016\/02\/pazie-streasina.jpg\" title=\"Pazie streasina &#8211; acoperis\"><img loading=\"lazy\" decoding=\"async\" src=\"http:\/\/safconstruct.ro\/wp-content\/uploads\/2016\/02\/pazie-streasina-350x300.jpg\" alt=\"Pazie streasina &#8211; acoperis\" width=\"350\" height=\"300\" \/><span class=\"su-custom-gallery-title\">Pazie streasina &#8211; acoperis<\/span><\/a><\/div><div class=\"su-custom-gallery-slide\" style=\"width:350px;height:300px\"><a href=\"http:\/\/safconstruct.ro\/wp-content\/uploads\/2016\/02\/parazapada.jpg\" title=\"Parazapada pentru acoperisuri\"><img loading=\"lazy\" decoding=\"async\" src=\"http:\/\/safconstruct.ro\/wp-content\/uploads\/2016\/02\/parazapada-350x300.jpg\" alt=\"Parazapada pentru acoperisuri\" width=\"350\" height=\"300\" \/><span class=\"su-custom-gallery-title\">Parazapada pentru acoperisuri<\/span><\/a><\/div><div class=\"su-custom-gallery-slide\" style=\"width:350px;height:300px\"><a href=\"http:\/\/safconstruct.ro\/wp-content\/uploads\/2016\/02\/opritor-zapada.jpg\" title=\"Opritor zapada pentru acoperisuri\"><img loading=\"lazy\" decoding=\"async\" src=\"http:\/\/safconstruct.ro\/wp-content\/uploads\/2016\/02\/opritor-zapada-350x300.jpg\" alt=\"Opritor zapada pentru acoperisuri\" width=\"350\" height=\"300\" \/><span class=\"su-custom-gallery-title\">Opritor zapada pentru acoperisuri<\/span><\/a><\/div><div class=\"su-custom-gallery-slide\" style=\"width:350px;height:300px\"><a href=\"http:\/\/safconstruct.ro\/wp-content\/uploads\/2016\/02\/Mastic.jpg\" title=\"Mastic\"><img loading=\"lazy\" decoding=\"async\" src=\"http:\/\/safconstruct.ro\/wp-content\/uploads\/2016\/02\/Mastic-350x300.jpg\" alt=\"Mastic\" width=\"350\" height=\"300\" \/><span class=\"su-custom-gallery-title\">Mastic<\/span><\/a><\/div><div class=\"su-custom-gallery-slide\" style=\"width:350px;height:300px\"><a href=\"http:\/\/safconstruct.ro\/wp-content\/uploads\/2016\/02\/mansoane.jpg\" title=\"Mansoane pentru sisteme de drenaj acoperisuri\"><img loading=\"lazy\" decoding=\"async\" src=\"http:\/\/safconstruct.ro\/wp-content\/uploads\/2016\/02\/mansoane-350x300.jpg\" alt=\"Mansoane pentru sisteme de drenaj acoperisuri\" width=\"350\" height=\"300\" \/><span class=\"su-custom-gallery-title\">Mansoane pentru sisteme de drenaj acoperisuri<\/span><\/a><\/div><div class=\"su-custom-gallery-slide\" style=\"width:350px;height:300px\"><a href=\"http:\/\/safconstruct.ro\/wp-content\/uploads\/2016\/02\/jgheab.jpg\" title=\"Jgheab pentru sistemul de drenaj al acoperisului\"><img loading=\"lazy\" decoding=\"async\" src=\"http:\/\/safconstruct.ro\/wp-content\/uploads\/2016\/02\/jgheab-350x300.jpg\" alt=\"Jgheab pentru sistemul de drenaj al acoperisului\" width=\"350\" height=\"300\" \/><span class=\"su-custom-gallery-title\">Jgheab pentru sistemul de drenaj al acoperisului<\/span><\/a><\/div><div class=\"su-custom-gallery-slide\" style=\"width:350px;height:300px\"><a href=\"http:\/\/safconstruct.ro\/wp-content\/uploads\/2016\/02\/izovent.jpg\" title=\"Izovent &#8211; solutie pentru acoperisuri\"><img loading=\"lazy\" decoding=\"async\" src=\"http:\/\/safconstruct.ro\/wp-content\/uploads\/2016\/02\/izovent-350x300.jpg\" alt=\"Izovent &#8211; solutie pentru acoperisuri\" width=\"350\" height=\"300\" \/><span class=\"su-custom-gallery-title\">Izovent &#8211; solutie pentru acoperisuri<\/span><\/a><\/div><div class=\"su-custom-gallery-slide\" style=\"width:350px;height:300px\"><a href=\"http:\/\/safconstruct.ro\/wp-content\/uploads\/2016\/02\/IMG_29612.jpg\" title=\"IMG_29612\"><img loading=\"lazy\" decoding=\"async\" src=\"http:\/\/safconstruct.ro\/wp-content\/uploads\/2016\/02\/IMG_29612-350x300.jpg\" alt=\"IMG_29612\" width=\"350\" height=\"300\" \/><span class=\"su-custom-gallery-title\">IMG_29612<\/span><\/a><\/div><div class=\"su-clear\"><\/div><\/div>\n","protected":false},"excerpt":{"rendered":"<p>In domeniul ferestrelor de mansard\u0103 \u015fi accesoriilor asociate suntem colaboratori din Pitesti ai firmei consacrate in domeniul geamurilor de baie, bucatarie si acoperis Dakea. Mai jos gasiti gama de produse\u00a0pe care le comercializam si montam: Ferestre acoperisuri \u015fi luminatoare marca <a class=\"more-link\" href=\"http:\/\/safconstruct.ro\/index.php\/produse-dakea-ferestre-mansarda-pitesti\/\">Mai mult&#8230;<\/a><\/p>\n","protected":false},"author":1,"featured_media":0,"parent":0,"menu_order":0,"comment_status":"closed","ping_status":"closed","template":"","meta":{"footnotes":""},"class_list":["post-306","page","type-page","status-publish","hentry"],"_links":{"self":[{"href":"http:\/\/safconstruct.ro\/index.php\/wp-json\/wp\/v2\/pages\/306","targetHints":{"allow":["GET"]}}],"collection":[{"href":"http:\/\/safconstruct.ro\/index.php\/wp-json\/wp\/v2\/pages"}],"about":[{"href":"http:\/\/safconstruct.ro\/index.php\/wp-json\/wp\/v2\/types\/page"}],"author":[{"embeddable":true,"href":"http:\/\/safconstruct.ro\/index.php\/wp-json\/wp\/v2\/users\/1"}],"replies":[{"embeddable":true,"href":"http:\/\/safconstruct.ro\/index.php\/wp-json\/wp\/v2\/comments?post=306"}],"version-history":[{"count":9,"href":"http:\/\/safconstruct.ro\/index.php\/wp-json\/wp\/v2\/pages\/306\/revisions"}],"predecessor-version":[{"id":482,"href":"http:\/\/safconstruct.ro\/index.php\/wp-json\/wp\/v2\/pages\/306\/revisions\/482"}],"wp:attachment":[{"href":"http:\/\/safconstruct.ro\/index.php\/wp-json\/wp\/v2\/media?parent=306"}],"curies":[{"name":"wp","href":"https:\/\/api.w.org\/{rel}","templated":true}]}}